+ 0)).
-1
Evaluate 12 + 16 + -29 + (2 - 0).
1
-7 - -6 - -4 - (10 - 1)
-6
What is the value of 7 + 0 + -10 + 7 + -1?
3
Calculate 0 + -1 - (-2 - -5 - 4).
0
Calculate -1 + 0 + (0 - -5) + -4.
0
Evaluate 19 + (-2 - 11) + 4.
10
Evaluate -2 - (-1 + -1) - (5 - 11).
6
What is the value of 12 + (-14 - (7 - 0))?
-9
Evaluate 1 + 2 + -2 + 2.
3
Evaluate 5 - (2 + -3 + -1 - -3).
4
What is the value of (17 - 6) + -6 - 9?
-4
Evaluate (-1 - -3) + 2 - (1 - -8).
-5
What is the value of (-21 - -4) + -4 + 12?
-9
-10 - (7 - ((21 - 4) + -6))
-6
Calculate (0 - -4) + -7 + 6.
3
0 + (0 - 5) + 5
0
Calculate 0 - 5 - (9 + -18).
4
Evaluate 2 - ((9 - 2) + -4).
-1
-47 + 46 + (1 - 0)
0
Evaluate 10 + -9 - (4 + -4).
1
Calculate 0 + (-3 + 2 - (1 + -1)).
-1
(-2 - -3) + 1 + -1 + 1
2
Calculate -4 - (1 - 3) - -2 - -1.
1
What is the value of 22 + 2 - 21 - (0 - 1)?
4
What is 12 - (-4 - -7) - 3?
6
What is the value of -6 - -4 - (3 - 5) - -3?
3
-13 - -14 - (8 + -9)
2
What is the value of -4 + (-2 - -10 - 2)?
2
Evaluate -5 - (-10 + (1 - -4)).
0
(1 - (-3 + 1 - -3)) + -3
-3
-1 - 1 - (6 - (1 - -8))
1
Evaluate (6 - 1) + (2 - (3 + -1)).
5
Calculate 0 + (11 + -5 + -3 - 8).
-5
Calculate (-6 - (4 + -1 + -5)) + 8.
4
-1 + (-6 - (-1 - 4))
-2
What is the value of 2 + (3 - -4 - 5) + -3?
1
-1 - (3 + -1) - (-12 + 7)
2
What is -22 - -26 - (1 + 2)?
1
What is 7 - (-6 + 10 + 0)?
3
Calculate (1 - (2 + 1)) + -39 + 42.
1
What is the value of -13 + 8 - (3 + 1 - 12)?
3
What is the value of -5 - -7 - (10 + -5)?
-3
Evaluate (42 - 52) + 0 + 6.
-4
What is the value of -5 - (1 - (-3 + 4))?
-5
Calculate 6 + (3 - 2) + (-1 - 3).
3
Calculate -1 - (-2 + (5 - 2)) - -5.
3
Calculate 8 + 1 + (-2 - 2).
5
What is 1 - 4 - (65 + -66)?
-2
Calculate (-5 + 2 - -6 - 4) + 10.
9
Calculate (1 - 7) + (-5 - -5) + 6.
0
(-2 - 3) + 4 - 4
-5
What is 8 + 0 + 6 + (-23 - -11)?
2
What is -2 + 1 + -7 + 5?
-3
What is the value of 2 - 1 - (-1 + -1 + 2)?
1
Evaluate -2 + 0 + 7 + (-9 - -4).
0
Calculate 14 + -3 - (3 + -3 + 6).
5
What is -5 + 0 + (3 - 2)?
-4
Calculate 1 + -5 + 4 + 0.
0
Evaluate 0 + -14 + 1 - (317 - 324).
-6
Evaluate 8 + -6 + 3 + (-1 - 2).
2
-8 - ((-4 - 2) + 0)
-2
What is (-6 - -5) + -2 - -4?
1
Calculate -13 + 17 + (-2 - -1) + 2.
5
What is the value of (3 - 2) + -2 - (-1 + -2)?
2
Evaluate -13 + -5 + 18 + -2 + 6.
4
Evaluate (4 + (-7 - 1) - -7) + -4.
-1
What is the value of (2 - 0 - 6) + 9?
5
What is the value of 4 + (4 - 5) + (-2 - -3)?
4
2 + (5 - 1) - 4
2
(-1 - 7) + (-1 - -5)
-4
Calculate 6 + (-9 - 4 - -2).
-5
-1 - (11 + -13 - -10)
-9
Evaluate 0 + 5 + -1 + (3 - 13).
-6
What is the value of (-1 - 4 - -8) + -6 - 1?
-4
What is the value of -1 + (4 - -4 - 1)?
6
Calculate -7 + -5 + 15 + 2.
5
What is 2 + -5 - (3 - (-3 + 11))?
2
What is (4 - -2) + (-12 - -11)?
5
Calculate (0 + 1 - (11 - 11)) + 2.
3
Calculate (8 - 7) + 7 - (1 + 3).
4
What is the value of (5 - 5) + (0 - -2) + 3?
5
Calculate 2 + -5 - (-8 - -4).
1
Calculate -6 - (-5 + -3 + -5).
7
What is the value of 3 + (-4 - 0) - -3?
2
What is 5 + (2 - 2) - (0 - -3)?
2
Calculate (-48 - -46) + 0 + 0.
-2
What is 0 + 2 + -1 - (32 + -27)?
-4
Calculate -2 - (4 + 6 - 15).
3
Evaluate 1 - (-14 - -8 - -10).
-3
Calculate (0 - 0) + 5 + (-1 - 0).
4
What is -2 + 2 + (-5 - -7)?
2
What is the value of (-10 - -6) + 1 + 5?
2
Calculate 0 + 5 + -104 + 96.
-3
Evaluate 5 + (5 - 11) + 1.
0
What is (2 - -18 - 19) + (1 - -3)?
5
What is the value of 3 + (4 - (6 + -4) - 4)?
1
Calculate 11 + (18 - 14) - 4.
11
What is 0 - (-2 + 3) - -7?
6
Evaluate 0 - (1 + (-3 - -6)).
-4
What is -6 - (-4 - (-3 + 2))?
-3
(2 - 15 - -8) + 0 + 2
-3
0 + 2 + -1 + -1
0
(-2 - (4 - 5)) + 3
2
What is the value of -33 + 37 - (0 - -7)?
-3
What is the value of -1 + (2 - 1) + 0?
0
Calculate 10 + -13 - (-4 - 3).
4
Calculate -4 + (-3 - -3) + 0.
-4
What is 3 - (2 - (-4 + 1 - -4))?
2
What is the value of -8 - (1 - 14 - -1)?
4
Calculate -2 + 0 + (-3 - 0) + 3.
-2
Calculate 4 + -1 + 0 + 2.
5
Calculate -3 - 3 - (10 + -13).
-3
0 - 0 - (-52 + 48)
4
Calculate -5 + 3 + -3 + (2 - 5).
-8
What is 7 + (-13 + 2 - 0)?
-4
-6 + (-4 - -3) + (1 - -1)
-5
Calculate 12 - 4 - 1 - 4.
3
0 + 1 + (9 - 10)
0
What is -5 + 2 - (1 + -4)?
0
What is -7 + 1 + 80 + -72?
2
Calculate 1 + (-4 - -1) - -3.
1
What is the value of 5 - (-4 + 12 + -2)?
-1
Evaluate -14 + 1 - ((-8 - -22) + -20).
-7
Evaluate (3 - (0 - -12)) + 4.
-5
What is (18 + -6 - 21) + 1?
-8
0 + -3 + -5 + 5
-3
What is the value of (1 - 4) + 0 - -3?
0
-10 + (-7 - -10) + 6
-1
What is -2 - 3 - (-15 - -15)?
-5
What is the value of -1 + 1 + 0 - (-6 - -1)?
5
Evaluate -1 - (-9 - (4 + -9)).
3
Evaluate 2 - -1 - (-13 - -14).
2
3 + -4 + -3 + 2
-2
Evaluate 1 + -15 + 6 + 4 + 8.
4
Calculate 3 - 3 - (-7 + 9) - 6.
-8
Evaluate 6 + (1 - (5 - 0)).
2
What is the value of -5 + 1 + 0 - -5?
1
Calculate 7 + (-1 - -1) - (10 - 8).
5
Evaluate (-6 + 4 - (1 + -2)) + 3.
2
What is -5 - (-11 - 0) - (2 - -6)?
-2
-5 + (-3 + 3 - -2)
-3
Evaluate -3 + (7 - 13 - -13) + 6.
10
5 + (-3 - -2 - 5)
-1
Calculate 5 + (-5 - (13 - 6)) + -3.
-10
-3 - (2 + -5) - (0 - 4)
4
21 - 16 - (1 - -9)
-5
Evaluate -8 + (10 + -6 - -5).
1
What is the value of 2 - 8 - (-4 + -8 + 6)?
0
What is the value of -3 + 7 + (-5 - -1) + 6?
6
What is (5 - -1) + (-25 + -1 - -29)?
9
What is the value of 7 + 5 + -18 - -9?
3
Evaluate -4 - (2 + 0 + -11 + 1).
4
Evaluate -8 + 1 + 3 + 4.
0
Calculate -4 - (-8 + 2 + 7 + -9).
4
What is -7 - ((-12 - -5) + 0 + 5)?
-5
What is (11 + -27 - -11) + -2?
-7
Calculate -5 + 1 - (-7 + 9 - 2).
-4
Calculate 96 + -90 + (-2 + 0 - -2).
6
Evaluate -1 + (0 - -6) + (1 - 4).
2
What is the value of 1 + -5 - 4 - -2?
-6
What is -1 - (1 + 0) - 1 - -5?
2
5 + -3 - 1 - (-14 - -15)
0
Evaluate -3 - 3 - -22 - 7.
9
Calculate (-2 - 2 - 7) + (2 - -3).
-6
Calculate -12 + -1 + 0 + 19.
6
What is 8 - 1 - (-6 - -10 - 5)?
8
What is 0 - (4 + 2 + -4 - -6)?
-8
1 + (-2 - 2) + 6
3
What is the value of 1 + (8 - (-7 - -16))?
0
Evaluate -7 - -6 - (5 - 3).
-3
(2 - 3) + 1 - (3 + 4)
-7
Calculate 4 + 1 - (-1 - -10 - -4).
-8
-6 - (-6 + (6 - 4))
-2
What is the value of 8 + (-2 + -3 - -1)?
4
Evaluate 0 - (2 - (-1 + -1)).
-4
What is the value of 3 + (-2 - 1) - 0?
0
Calculate 2 - 5 - (5 - 4).
-4
Evaluate -3 - 0 - (-2 + 2).
-3
Evaluate -2 + 3 + 5 + -3.
3
-1 - 6 - (0 - (3 + -1))
-5
-95 + 93 + (-1 - -1 - 1)
-3
Evaluate 4 + -7 + 2 + 1 + -4.
-4
Evaluate 35 + -36 - (5 - -4).
-10
-2 - -3 - (-1 + 0)
2
(2 - 7 - (-9 + 5)) + 3
2
What is the value of 1 - 2 - (0 + 2 + -4)?
1
Calculate (-5 - (-4 + -2)) + -2.
-1
Calculate 3 + (-2 - -2 - 9) + 1.
-5
What is 4 + -10 + (-1 - -5)?
-2
What is 14 - 15 - (0 - 8 - -4)?
3
Evaluate 1 + (1 - 1 - 1) - 0.
0
What is the value of 0 + 2 + -1 - 2?
-1
What is (-2 - (-3 + 3 + 3)) + -3?
-8
Calculate -10 - -5 - (0 - 1 - 2).
-2
Calculate -5 + 3 - (-6 + (1 - 0)).
3
-7 - -6 - 6 - -9
2
2 - ((2 - (-3 - -9)) + 6)
0
1 + -1 + 8 + -8
0
What is the value of 4 + -8 + (0 - (1 + -5))?
0
What is -11 + (0 - -7 - (-27 - -28))?
-5
Evaluate 10 + -7 - (-1 + (0 - -5)).
-1
Calculate 0 - 1 - (1 - (-1 - -3)).
0
Calculate 20 - (7 + 6) - 9.
-2
Calculate -4 - (-2 + 1 + 1).
-4
Calculate 2 - (2 + -6 + (8 - -1)).
-3
(10 + -27 - -10) + 5
-2
1 + -4 + -8 + 5 - -1
-5
10 + (-6 - (-3 + 8))
-1
What is -11 + (17 + 1 - 8)?
-1
What is the value of -4 + 2 + (9 - 10)?
-3
What is the value of -14 + 14 + -11 + (4 - -1)?
-6
Calculate -6 + 10 + -5 + -2.
-3
Calculate 5 - ((3 - -3) + -12).
11
What is 4 - (4 - (5 + -5) - 0)?
0
What is the value of (3 - 2 - 4) + 5 + 1?
3
What is the value of -8 + 5 + -11 + 5 + 6?
-3
What is 0 - -1 - (11 - 9)?
-1
-6 - ((6 - 9) + -3)
0
Calculate 0 + -2 + (7 - -1) - 11.
-5
What is the value of (-14 - -13 - -5) + (-1 - -2)?
5
What is 0 + 0 + 1 + -6 + 2?
-3
Calculate 3 - -1 - (-3 + 5 + -5).
7
12 - (26 + (-2 - 12))
0
Calculate 4 + -3 + (3 - 2).
2
What is 12 + -17 - (-1 + (1 - 1))?
-4
Evaluate -4 - (7 - -2 - (-5 + 10)).
-8
-2 + (3 - 0) + -7 + 2
-4
What is (-4 - (-4 + -3) - 8) + -1?
-6
Evaluate 4 + -4 - (-11 + 17).
-6
Evaluate -10 - (8 - 2 - 14).
-2
What is 5 + (-5 - 2) - 2?
-4
Evaluate 4 + (0 - (10 - (-4 + 7))).
-3
Evaluate -2 - -3 - (8 + -9) - -6.
8
-12 - (4 + -17) - (0 - 2)
3
-3 + 6 + 3 + -2
4
What is 2 - ((8 - 3) + -4) - 3?
-2
Evaluate (2 - (2 + -2 + 7)) + 0.
-5
Evaluate -5 - ((0 - 2) + 2).
-5
Calculate 4 - (1 + (-6 - (0 + -4))).
5
What is the value of -2 - -4 - 3 - 0?
-1
Calculate 0 + -3 + (-2 - -4).
-1
What is (6 - 1) + (-2 -